f 5032 and 29896?
296
What is the greatest common divisor of 3404 and 12432?
148
Calculate the highest common factor of 168081 and 626.
313
Calculate the highest common divisor of 125008 and 1040.
208
What is the highest common divisor of 218985 and 52?
13
What is the highest common factor of 14232 and 888?
24
Calculate the highest common divisor of 91 and 7371.
91
What is the greatest common factor of 25284 and 45668?
196
Calculate the highest common divisor of 6 and 84921.
3
What is the greatest common divisor of 1624 and 3346?
14
Calculate the greatest common factor of 357531 and 111.
111
Calculate the highest common divisor of 97926 and 950.
38
What is the highest common factor of 141427 and 143?
143
What is the highest common factor of 8721 and 204?
51
Calculate the greatest common factor of 95172 and 66.
66
Calculate the greatest common divisor of 385 and 5005.
385
Calculate the greatest common divisor of 848 and 2669398.
106
What is the greatest common divisor of 69 and 66585?
69
Calculate the highest common divisor of 9 and 23691.
3
What is the greatest common factor of 721591 and 611?
611
What is the greatest common factor of 27 and 605?
1
What is the greatest common divisor of 178416 and 945?
189
What is the highest common factor of 47208 and 210?
42
What is the highest common factor of 7968 and 1824?
96
Calculate the highest common divisor of 76 and 50863.
19
Calculate the greatest common divisor of 139555 and 54353.
1469
Calculate the greatest common factor of 197 and 32899.
197
Calculate the highest common divisor of 44 and 988889.
11
What is the highest common factor of 3339 and 36093?
159
What is the greatest common factor of 110445 and 26640?
555
Calculate the highest common divisor of 7362 and 2826.
18
What is the highest common divisor of 143 and 14333?
11
Calculate the highest common divisor of 7348 and 14362.
334
Calculate the greatest common factor of 9642126 and 1443.
1443
What is the highest common factor of 60 and 73130?
10
Calculate the greatest common factor of 254843 and 73.
73
What is the greatest common divisor of 1287 and 117?
117
What is the highest common factor of 251451 and 9?
9
What is the greatest common factor of 34700 and 44?
4
What is the greatest common divisor of 505 and 46763?
101
What is the highest common factor of 9150 and 11550?
150
Calculate the highest common factor of 12407 and 19.
19
What is the highest common factor of 180 and 1224?
36
Calculate the highest common factor of 2241388 and 41.
41
What is the highest common factor of 559 and 61789?
13
Calculate the greatest common factor of 4095 and 704655.
315
What is the highest common divisor of 13617 and 31977?
153
What is the greatest common divisor of 1189 and 17755337?
1189
What is the highest common factor of 16230 and 960?
30
Calculate the highest common factor of 92 and 1095674.
46
Calculate the highest common divisor of 8868 and 516.
12
Calculate the greatest common factor of 83562 and 114.
114
Calculate the highest common divisor of 9380 and 812.
28
Calculate the highest common factor of 2616 and 3928.
8
What is the highest common factor of 89502 and 42?
42
What is the greatest common divisor of 2 and 3077?
1
What is the highest common factor of 82576 and 512?
16
What is the greatest common divisor of 142395 and 13365?
165
What is the greatest common factor of 1374 and 366?
6
What is the greatest common factor of 752 and 641456?
752
Calculate the highest common divisor of 9 and 10953.
9
What is the highest common divisor of 201 and 878437?
67
Calculate the greatest common divisor of 125727 and 21.
21
What is the highest common divisor of 37 and 294927?
37
What is the highest common factor of 478 and 8556439?
239
What is the highest common factor of 137242 and 28?
14
What is the greatest common divisor of 135565 and 2565?
95
Calculate the highest common factor of 78 and 995982.
78
Calculate the greatest common divisor of 16170 and 42.
42
Calculate the highest common factor of 77254 and 95.
19
Calculate the highest common divisor of 1109220 and 3040.
380
Calculate the highest common factor of 43 and 23263.
43
Calculate the highest common divisor of 132 and 470404.
44
What is the highest common divisor of 30039 and 399?
57
Calculate the greatest common divisor of 1233 and 183.
3
What is the greatest common divisor of 4482 and 1296?
54
What is the greatest common factor of 1837346 and 518?
518
Calculate the greatest common divisor of 1414 and 8470.
14
What is the greatest common factor of 834 and 26?
2
Calculate the greatest common divisor of 140094 and 18.
18
Calculate the greatest common divisor of 136 and 15518348.
68
What is the greatest common divisor of 120 and 97500?
60
What is the greatest common divisor of 7355308 and 124?
124
What is the greatest common divisor of 1534522 and 1870?
374
Calculate the greatest common divisor of 264 and 229064.
88
Calculate the highest common divisor of 65360 and 912.
304
Calculate the greatest common factor of 9 and 609.
3
Calculate the highest common divisor of 4472 and 37336.
104
Calculate the highest common divisor of 183327 and 159.
159
Calculate the highest common divisor of 2536 and 2680.
8
Calculate the highest common divisor of 13025 and 355.
5
What is the greatest common factor of 258757 and 5797?
527
What is the highest common factor of 1760892 and 336?
84
What is the highest common divisor of 819 and 234?
117
What is the greatest common divisor of 9 and 71487?
9
What is the greatest common factor of 590 and 2855?
5
Calculate the highest common factor of 3160 and 272.
8
What is the greatest common divisor of 236502 and 126?
126
Calculate the greatest common divisor of 156 and 378492.
12
What is the highest common divisor of 236 and 121876?
4
What is the highest common divisor of 135575 and 20?
5
Calculate the greatest common factor of 643441 and 309.
103
What is the highest common divisor of 10640 and 110320?
560
What is the highest common factor of 19097 and 182?
13
Calculate the highest common factor of 56080 and 620.
20
What is the highest common factor of 524305 and 95?
95
Calculate the highest common factor of 130 and 171470.
130
Calculate the highest common divisor of 44564 and 104.
52
Calculate the highest common divisor of 33116 and 544.
68
Calculate the greatest common factor of 25 and 178365.
5
What is the greatest common factor of 194584 and 65?
13
Calculate the greatest common divisor of 214383 and 34983.
897
Calculate the highest common divisor of 1645 and 6349.
7
What is the highest common divisor of 3275 and 1179?
131
What is the greatest common factor of 9462 and 3054?
6
Calculate the greatest common factor of 155153 and 1.
1
Calculate the highest common divisor of 507579 and 852.
213
What is the greatest common factor of 33653 and 39646?
461
What is the highest common divisor of 9773 and 58?
29
What is the highest common factor of 15192 and 2232?
72
Calculate the highest common divisor of 708 and 747176.
236
What is the highest common factor of 2236 and 18576?
172
Calculate the highest common factor of 4088 and 6356.
28
Calculate the highest common factor of 1065 and 23643.
213
What is the greatest common divisor of 768 and 326112?
96
What is the highest common divisor of 145870 and 290?
290
What is the greatest common divisor of 48120 and 90?
30
What is the highest common factor of 189075 and 150?
75
Calculate the greatest common divisor of 595561 and 3604.
901
Calculate the greatest common divisor of 445822 and 338.
338
Calculate the highest common divisor of 108 and 49578.
6
Calculate the highest common factor of 766630 and 1860.
310
Calculate the greatest common factor of 264 and 469656.
264
What is the highest common factor of 41643 and 315?
63
Calculate the highest common factor of 304 and 27379.
19
What is the highest common divisor of 6 and 221097?
3
Calculate the highest common factor of 20 and 1048410.
10
What is the highest common divisor of 1917696 and 6144?
768
What is the highest common divisor of 142668 and 297?
27
What is the greatest common divisor of 618507 and 171?
171
Calculate the greatest common factor of 2 and 847524.
2
Calculate the greatest common factor of 333132 and 5106.
138
What is the greatest common divisor of 28035 and 7?
7
Calculate th